{"id":1541,"date":"2015-12-29T13:04:24","date_gmt":"2015-12-29T13:04:24","guid":{"rendered":"http:\/\/fengshuidesignteam.de\/?page_id=1541"},"modified":"2019-10-06T19:34:07","modified_gmt":"2019-10-06T19:34:07","slug":"startseite","status":"publish","type":"page","link":"https:\/\/fengshuidesignteam.de\/","title":{"rendered":"Die Feng Shui Lehre"},"content":{"rendered":"\n<p><strong>Der Mensch als Teil eines \u00fcbergeordneten Ganzen stellt ein &nbsp;dynamisches Aggregat unsichtbarer Energiestr\u00f6me dar.<\/strong><span style=\"font-family: Arial; font-size: small;\">&nbsp;<\/span><\/p>\n\n\n\n<h3>Qi- Energie und Yin Yang Polarit\u00e4t als Schl\u00fcssel zur Feng Shui Lehre<\/h3>\n\n\n\n<p>Der Schl\u00fcssel zur Feng Shui Lehre liegt in dieser Lebensenergie, genannt Qi, Prana oder Odem, der alles Entstehen und Vergehen im Kosmos unterliegt.<\/p>\n\n\n\n<p>&#8222;Das Leben des Menschen ist eine Ansammlung von Qi: bei der Empf\u00e4ngnis nimmt es Gestalt an, wenn es sich sammelt bedeutet es Leben, wenn es sich zerstreut, bedeutet es Tod&#8220; (Zhuangzi).<\/p>\n\n\n\n<p>Qi zerstreut oder sammelt Energiestr\u00f6me, in Form von Wind wirkt es zerstreuend, in Form von Wasser wirkt es sammelnd. Diese Eigenschaften des Qi f\u00fchrten zum Begriff Begriff &#8222;Feng Shui&#8220;, was &#8222;Wind und Wasser&#8220; bedeutet.<\/p>\n\n\n\n<p>&#8222;Der Mensch lebt inmitten von Qi, und Qi erf\u00fcllt den Menschen. Angefangen beim Ursprung von Himmel und Erde bis zu den &#8222;zehntausend Wesen&#8220;, bedarf alles Qi um zu leben. Wer das Qi zu f\u00fchren weiss,&nbsp; n\u00e4hrt im inneren seinen K\u00f6rper und wehrt nach aussen hin sch\u00e4digende Einfl\u00fcsse ab&#8220; (Baopuzi).<\/p>\n\n\n\n<p>In diesem Sinne zeigt die Feng Shui Lehre, wie sich Qi zum Wohle des Menschen beeinflussen l\u00e4sst.<\/p>\n\n\n\n<h3>Yin Yang Polarit\u00e4t &#8211; zwei Seiten einer Medaille<\/h3>\n\n\n\n<p>Hitze und K\u00e4lte, Helligkeit und Dunkelheit sind polare Qualit\u00e4ten des Qi und entsprechen Yin (kalt, dunkel)- oder Yang (hei\u00df, hell). In der Natur gleichen sich Polarit\u00e4ten stets harmonisch aus. Im Gegensatz hierzu werden in der k\u00fcnstlich erschaffenen Umwelt h\u00e4ufig Ungleichgewichte erzeugt, die beim Menschen zu physischem und psychischem Stress f\u00fchren.<\/p>\n\n\n\n<p>Beispiel: atmosph\u00e4rischer Yang- \u00dcberschuss nachmittags oder im Hochsommer (Hitze) wird in Geb\u00e4uden durch Sonnenschutzma\u00dfahmen energetisch ausgeglichen. Die technische K\u00fchlung im inneren von Geb\u00e4uden f\u00fchrt zur St\u00e4rkung von Yin und somit zur Verst\u00e4rkung der Yin- Yang- Bilanz zwischen Aussen und Innen. Das Ph\u00e4nomen des &#8222;Sick- Building- Syndrom&#8220; erkl\u00e4rt sich anhand derartiger Yin- Yang- Ungleichgewichte.<\/p>\n\n\n\n<p>Der Ausgleich von Yin- Yang- Ungleichgewichten ist Ziel der Feng Shui Lehre, wobei die Qualit\u00e4t von Harmonisierungsma\u00dfnahmen durch die Art des Ungleichgewichts bestimmt werden.<\/p>\n\n\n\n<h3>Die Wandlungsphasen:&nbsp; Holz \u2013 Feuer \u2013 Erde \u2013 Metall \u2013 Wasser<\/h3>\n\n\n\n<p>Die Wandlungsphasen stellen eine weitere, tiefer gehende Differenzierung des&nbsp; Qi auf der raum- zeitlichen Ebene dar. Materielle Erscheinungen lassen sich anhand der Interaktion der f\u00fcnf Wandlungsphasen &#8211; auch als Elemente bezeichnet &#8211; erkl\u00e4ren. Wandlungsphasen werden durch Materialien, Farben oder Formen repr\u00e4sentiert und k\u00f6nnen sich, je nach Konstellation in Umgebung oder R\u00e4umen, gegenseitig unterst\u00fctzen, aber auch hemmen.<\/p>\n\n\n\n<p>Feng Shui Ma\u00dfnahmen bewirken Optimierungen im Zusammenspiel der Wandlungsphasen. Dies wirkt sich positiv auf den Erhalt und die Steigerung der &nbsp;Vitalit\u00e4t des Menschen aus. Der Mensch wird so, bildhaft gesprochen, wie ein Vogel, den die Thermik in die H\u00f6he tr\u00e4gt beim Erreichen seiner Ziele und Visionen unterst\u00fctzt.<\/p>\n\n\n\n<h3>Feng Shui und Moderne Wissenschaft<\/h3>\n\n\n\n<p>Was die \u00f6stliche Philosophie als Qi bezeichnet, wird in der modernen Naturwissenschaft &#8222;kosmisches Hintergrundfeld&#8220; oder &#8222;Vakuum&#8220; genannt. Beide beschreiben die materie- und zeitlose Wirklichkeitsebene jenseits unserer erfahrbaren Realit\u00e4t.<\/p>\n\n\n\n<h3>Es gibt jahrtausend altes Wissen zum Thema Wohnen und Bauen<\/h3>\n\n\n\n<p>Die traditionell- asiatische Bauphilosophie des Feng Shui, Farben und Formenlehren des europ\u00e4ischen Mittelalters, aber auch neueste Erkenntnisse aus der modernen Physik liefern entscheidende Hinweise und legen nahe, dass die Grundlagen gesunden, vitalen Wohnens universell und zeitlos g\u00fcltig sind. Grundtenor dieses universellen Wissens ist immer derselbe:<\/p>\n\n\n\n<p>die Sinne ansprechen, Energien in Umgebung und R\u00e4umen harmonisieren, das Positive und Lebendige anregen.<\/p>\n\n\n\n<h3>Wie muss Ihr Wohnraum beschaffen sein, damit er Ihren Bed\u00fcrfnissen und W\u00fcnschen gerecht wird?<\/h3>\n\n\n\n<p>Die alters- und pers\u00f6nlichkeitsspezifische Gestaltung von Wohnr\u00e4umen ist eine &nbsp;Herausforderung, die durch den Kauf sch\u00f6ner M\u00f6bel und Einrichtungsgegenst\u00e4nde allein nicht l\u00f6sbar ist sondern h\u00e4ufig das Gef\u00fchl vermittelt, dass \u201cirgendetwas\u201d fehlt.<\/p>\n\n\n\n<h3>Unsere Vision kombiniert traditionelles und modernes Wissen. Ziel ist die alters- und pers\u00f6nlichkeitsspezifische Gestaltung von Lebensr\u00e4umen. Der Mensch bildet den Mittelpunkt unserer Aufmerksamkeit.<\/h3>\n\n\n\n<p>Dies erreichen wir durch Ber\u00fccksichtigung der Umgebung Ihres Wohnorts, durch gezielten Einsatz von Formen und Materialien, durch Kombination und Verwendung bestimmter Farben, durch Abstimmung von Licht- und Beleuchtungsqualit\u00e4ten. Der Pers\u00f6nlichkeit der Bewohner kommt in diesem Zusammenhang besondere Bedeutung zu.<\/p>\n\n\n\n<h3>Wohnpl\u00e4tze die wir f\u00fcr Sie gestalten, \u00f6ffnen die Sinne.<\/h3>\n\n\n\n<p>Am Beginn unserer Feng Shui Raum- Energie Beratung steht die Analyse Ihres Wohnbereichs. Ihre Pers\u00f6nlichkeit, Ihre W\u00fcnsche, Ziele und Ideen werden gleicherma\u00dfen ber\u00fccksichtig und in den weiteren Prozess der Beratung mit einbezogen. Am Ende der Beratung entsteht ein Ort lebendigen Wohnens oder.<\/p>\n\n\n\n<h3>Nach unserer Raum- Energie Beratung berichten Klienten, dass: <\/h3>\n\n\n\n<p>&#8211;&nbsp;Schlafen, Essen und Kommunizieren neue Qualit\u00e4ten besitzen<br>&#8211; das Familienleben an Harmonie gewonnen hat<br>&#8211; die Motivation Neues anzupacken gestiegen ist<br>&#8211; sich G\u00e4ste wie zu Hause f\u00fchlen<\/p>\n","protected":false},"excerpt":{"rendered":"<p>Der Mensch als Teil eines \u00fcbergeordneten Ganzen stellt ein &nbsp;dynamisches Aggregat unsichtbarer Energiestr\u00f6me dar.&nbsp; Qi- Energie und Yin Yang Polarit\u00e4t als Schl\u00fcssel zur Feng Shui Lehre Der Schl\u00fcssel zur Feng Shui Lehre liegt in dieser Lebensenergie, genannt Qi, Prana oder Odem, der alles Entstehen und Vergehen im Kosmos unterliegt. &#8222;Das Leben des Menschen ist eine &hellip; <\/p>\n<p class=\"link-more\"><a href=\"https:\/\/fengshuidesignteam.de\/\" class=\"more-link\"><span class=\"screen-reader-text\">\u201eDie Feng Shui Lehre\u201c<\/span> weiterlesen<\/a><\/p>\n","protected":false},"author":1,"featured_media":1813,"parent":0,"menu_order":0,"comment_status":"closed","ping_status":"closed","template":"","meta":[],"_links":{"self":[{"href":"https:\/\/fengshuidesignteam.de\/index.php?rest_route=\/wp\/v2\/pages\/1541"}],"collection":[{"href":"https:\/\/fengshuidesignteam.de\/index.php?rest_route=\/wp\/v2\/pages"}],"about":[{"href":"https:\/\/fengshuidesignteam.de\/index.php?rest_route=\/wp\/v2\/types\/page"}],"author":[{"embeddable":true,"href":"https:\/\/fengshuidesignteam.de\/index.php?rest_route=\/wp\/v2\/users\/1"}],"replies":[{"embeddable":true,"href":"https:\/\/fengshuidesignteam.de\/index.php?rest_route=%2Fwp%2Fv2%2Fcomments&post=1541"}],"version-history":[{"count":21,"href":"https:\/\/fengshuidesignteam.de\/index.php?rest_route=\/wp\/v2\/pages\/1541\/revisions"}],"predecessor-version":[{"id":1792,"href":"https:\/\/fengshuidesignteam.de\/index.php?rest_route=\/wp\/v2\/pages\/1541\/revisions\/1792"}],"wp:featuredmedia":[{"embeddable":true,"href":"https:\/\/fengshuidesignteam.de\/index.php?rest_route=\/wp\/v2\/media\/1813"}],"wp:attachment":[{"href":"https:\/\/fengshuidesignteam.de\/index.php?rest_route=%2Fwp%2Fv2%2Fmedia&parent=1541"}],"curies":[{"name":"wp","href":"https:\/\/api.w.org\/{rel}","templated":true}]}}